at is the greatest common divisor of 18 and 45?
9
Calculate the greatest common divisor of 216 and 1224.
72
Calculate the greatest common factor of 136 and 51.
17
Calculate the highest common factor of 95901 and 39.
39
What is the highest common divisor of 10460 and 10?
10
What is the highest common factor of 3300 and 4?
4
What is the highest common factor of 592 and 111?
37
What is the highest common factor of 9580 and 80?
20
Calculate the greatest common divisor of 132 and 3597.
33
What is the highest common divisor of 105 and 35?
35
Calculate the highest common divisor of 360 and 192.
24
Calculate the highest common divisor of 180 and 120.
60
Calculate the highest common divisor of 775 and 25.
25
Calculate the highest common factor of 6828 and 36.
12
Calculate the highest common divisor of 1188 and 1650.
66
What is the greatest common factor of 14 and 490?
14
Calculate the greatest common divisor of 298 and 8195.
149
Calculate the highest common divisor of 20 and 640.
20
What is the highest common factor of 35 and 1855?
35
What is the highest common factor of 12 and 9?
3
Calculate the greatest common factor of 486 and 135.
27
Calculate the greatest common factor of 42 and 91.
7
What is the highest common divisor of 162 and 108?
54
Calculate the highest common divisor of 276 and 156.
12
Calculate the highest common factor of 97 and 5141.
97
What is the greatest common divisor of 804 and 72?
12
Calculate the greatest common divisor of 182 and 70.
14
Calculate the highest common divisor of 32 and 352.
32
Calculate the highest common factor of 3 and 381.
3
Calculate the highest common factor of 475 and 190.
95
What is the greatest common divisor of 7384 and 994?
142
What is the greatest common factor of 42 and 14?
14
What is the greatest common divisor of 621 and 810?
27
What is the greatest common divisor of 119 and 595?
119
Calculate the highest common divisor of 61 and 244.
61
What is the greatest common divisor of 38 and 988?
38
What is the greatest common factor of 17589 and 33?
33
Calculate the highest common divisor of 428 and 20.
4
What is the highest common factor of 220 and 264?
44
Calculate the greatest common divisor of 274 and 4795.
137
What is the highest common factor of 87 and 1363?
29
Calculate the greatest common factor of 207 and 171.
9
Calculate the greatest common factor of 464 and 48.
16
Calculate the greatest common divisor of 60 and 160.
20
Calculate the greatest common factor of 2488 and 8.
8
Calculate the greatest common factor of 56 and 2072.
56
What is the highest common factor of 12 and 652?
4
What is the highest common divisor of 18 and 54?
18
What is the greatest common factor of 6092 and 8?
4
Calculate the greatest common divisor of 295 and 236.
59
Calculate the greatest common factor of 260 and 20.
20
Calculate the greatest common divisor of 134 and 603.
67
What is the highest common factor of 5549 and 62?
31
What is the greatest common factor of 32 and 88?
8
Calculate the greatest common factor of 684 and 304.
76
What is the greatest common factor of 18 and 909?
9
What is the highest common divisor of 70 and 10?
10
Calculate the highest common factor of 30 and 45.
15
What is the greatest common factor of 78 and 282?
6
What is the greatest common divisor of 2988 and 144?
36
What is the highest common divisor of 339 and 15368?
113
What is the highest common divisor of 21 and 15?
3
Calculate the highest common factor of 30 and 15.
15
Calculate the highest common factor of 391 and 69.
23
Calculate the greatest common factor of 36 and 84.
12
What is the greatest common divisor of 247 and 637?
13
What is the greatest common factor of 464 and 319?
29
What is the greatest common factor of 152 and 4484?
76
Calculate the highest common factor of 20001 and 354.
177
Calculate the greatest common factor of 8100 and 100.
100
Calculate the greatest common divisor of 3795 and 330.
165
Calculate the highest common divisor of 984 and 6.
6
Calculate the greatest common divisor of 155 and 217.
31
What is the highest common factor of 837 and 248?
31
Calculate the highest common divisor of 76 and 46.
2
Calculate the greatest common divisor of 23367 and 3.
3
Calculate the highest common factor of 7 and 168.
7
What is the highest common factor of 45 and 480?
15
Calculate the highest common factor of 262 and 18.
2
What is the highest common factor of 1079 and 332?
83
What is the highest common divisor of 5408 and 224?
32
Calculate the greatest common factor of 8 and 184.
8
What is the greatest common divisor of 628 and 4553?
157
What is the greatest common factor of 1365 and 75?
15
What is the greatest common factor of 7280 and 70?
70
Calculate the highest common factor of 8610 and 14.
14
Calculate the highest common factor of 915 and 1647.
183
What is the greatest common divisor of 432 and 378?
54
What is the highest common divisor of 215 and 86?
43
What is the highest common factor of 150 and 250?
50
What is the highest common divisor of 6 and 1644?
6
What is the highest common factor of 42 and 1869?
21
Calculate the highest common factor of 159 and 30.
3
Calculate the highest common factor of 513 and 19.
19
Calculate the greatest common factor of 654 and 150.
6
What is the greatest common divisor of 13 and 8749?
13
What is the highest common divisor of 85 and 1615?
85
Calculate the highest common divisor of 2000 and 320.
80
Calculate the greatest common divisor of 135 and 180.
45
Calculate the highest common factor of 40 and 3260.
20
What is the greatest common factor of 294 and 441?
147
What is the highest common divisor of 515 and 4532?
103
What is the greatest common divisor of 170 and 374?
34
Calculate the greatest common divisor of 13 and 949.
13
What is the highest common factor of 110 and 960?
10
Calculate the greatest common factor of 5760 and 90.
90
What is the greatest common divisor of 51 and 204?
51
What is the greatest common divisor of 468 and 180?
36
Calculate the greatest common factor of 145 and 87.
29
Calculate the greatest common factor of 1568 and 32.
32
Calculate the highest common factor of 6030 and 45.
45
Calculate the greatest common divisor of 1760 and 120.
40
Calculate the greatest common divisor of 112 and 1624.
56
Calculate the highest common factor of 912 and 95.
19
What is the greatest common divisor of 150 and 20?
10
Calculate the greatest common factor of 18819 and 18.
9
What is the highest common divisor of 4582 and 158?
158
What is the greatest common divisor of 115 and 280?
5
What is the greatest common divisor of 2992 and 264?
88
Calculate the greatest common factor of 257 and 44461.
257
Calculate the greatest common factor of 130 and 40.
10
Calculate the greatest common factor of 63 and 117.
9
Calculate the greatest common factor of 4 and 19.
1
Calculate the greatest common factor of 330 and 3135.
165
What is the greatest common factor of 2 and 2098?
2
Calculate the greatest common divisor of 1134 and 882.
126
What is the greatest common factor of 2464 and 28?
28
Calculate the highest common factor of 9 and 7569.
9
What is the highest common factor of 224 and 217?
7
Calculate the greatest common divisor of 150 and 210.
30
What is the greatest common factor of 78 and 1196?
26
Calculate the highest common factor of 252 and 132.
12
Calculate the highest common factor of 253 and 46.
23
Calculate the greatest common factor of 2519 and 11.
11
Calculate the greatest common divisor of 1208 and 40.
8
Calculate the greatest common factor of 400 and 25.
25
Calculate the greatest common factor of 100 and 1900.
100
Calculate the greatest common factor of 392 and 245.
49
What is the highest common divisor of 43281 and 458?
229
Calculate the greatest common factor of 54 and 90.
18
What is the greatest common factor of 30 and 1815?
15
Calculate the greatest common divisor of 36 and 468.
36
Calculate the greatest common divisor of 2 and 86.
2
Calculate the greatest common factor of 11 and 2563.
11
Calculate the highest common divisor of 1079 and 4897.
83
What is the greatest common factor of 120 and 48?
24
What is the highest common factor of 56 and 2632?
56
What is the highest common divisor of 29925 and 133?
133
What is the highest common divisor of 78 and 208?
26
Calculate the greatest common factor of 15